.
-4
Let i(v) = -5 + 4 + v**2 - v**3 - 2*v - 3 - 2*v**2. Give i(-3).
20
Let t(h) = -2 - 8*h + 6 - 2*h**3 + 3*h**3 - 5*h**2. Let v(r) be the third derivative of -r**5/60 + 13*r**4/24 - 4*r**3 - 5*r**2. Let d be v(10). Give t(d).
-8
Let j(u) be the second derivative of u**3/3 + u**2/2 - 578*u. Determine j(10).
21
Let c(g) = 984 + 984 + 7*g - 1962. Calculate c(-4).
-22
Let z(p) = 11*p + 139. Let f be z(-13). Let t(h) = -5*h - 7. Let k(c) = -c - 1. Let g(o) = 4*k(o) - t(o). Give g(f).
-1
Let f(n) = n**2 - n + 4. Let g(t) = -7*t - 9. Suppose -40*y + 46*y + 12 = 0. Let x be g(y). What is f(x)?
24
Let q be 4/1 + -2 + -9. Let w = 9 + q. Let p be 3 + (-30)/3 + w. Let n(c) = c**3 + 4*c**2 - 4*c - 5. Calculate n(p).
-10
Let z(n) = n**2 - 3*n - 5. Let c be (-4 - (5 - 10))*4. Determine z(c).
-1
Let w be 62/(-4) + 11/(-22). Let j be 492/w - (-2)/(-8). Let t = 26 + j. Let g(q) = -q**2 - 6*q - 5. Calculate g(t).
0
Let i(p) = 2 + 0 - 4 + p + 1 - 3*p**2. Let u(v) = -3*v - 3. Let k be u(-2). Let b = -2 + k. What is i(b)?
-3
Let a(b) = -5*b**2 + 3*b + 6. Let j(s) = 3*s**2 - 4*s - 5. Let z(w) = 2*a(w) + 3*j(w). Calculate z(-3).
6
Let o(m) = -7*m + 10. Let f = -420 + 425. Determine o(f).
-25
Let m = -2 - 9. Let s(o) = -623*o**2 + 4 + 310*o**2 + o**3 + 324*o**2. Calculate s(m).
4
Let f(c) = c**2 - c. Let n(v) = v**3 - 2*v**2 - v - 4. Let h = -26 - -32. Let p(r) = h*f(r) + n(r). Calculate p(-5).
6
Let m = 44 + -38. Let f(j) = j**2 - 7*j + 13. Let z be f(m). Let u(o) = -o**2 + 9*o - 10. Give u(z).
4
Let z(a) be the first derivative of 1/60*a**5 - 1/6*a**4 + 0*a + 5/3*a**3 + 0*a**2 + 3. Let x(r) be the third derivative of z(r). Give x(6).
8
Let u(j) = 1. Let y(z) be the first derivative of -z**2/2 + 9*z + 17. Let w(c) = 3*u(c) + y(c). Give w(5).
7
Let c(j) be the first derivative of j**3/3 + 3*j**2/2 - 8*j - 137. What is c(-5)?
2
Let q(k) = 49*k + 22. Let m(y) = -28*y - 12. Let h(i) = -5*m(i) - 3*q(i). What is h(4)?
-34
Let v(y) = -10*y + 4. Let t(b) = -20*b + 8. Let o(p) = -2*t(p) + 5*v(p). Determine o(3).
-26
Let m(x) = -x**3 - 1. Let p(i) = -2 - 2*i**2 + 0 - 3*i**3 + 0*i**2 - 1. Let o(t) = 4*m(t) - p(t). Suppose w = 4*w + 3. Calculate o(w).
2
Suppose q - 4*u = 14, 3*q - 23 + 9 = -2*u. Let y(a) = -6 - 2 + 0 + q*a - a**2 + 2. Give y(4).
2
Let t(y) be the first derivative of -y**5/10 + y**4/12 - y**3/6 + y**2/2 - 9*y + 3. Let d(n) be the first derivative of t(n). Give d(2).
-13
Let y be (-465)/155 + (-1 - 3)*-2. Let s(v) = v**3 - 5*v**2 + 6*v - 5. Calculate s(y).
25
Let v(i) = 165*i - 648. Let s be v(4). Let n(j) = j**3 - 10*j**2 - 23*j - 11. Give n(s).
1
Let k(c) = -158 + 3*c - 98 + 272. Calculate k(-8).
-8
Suppose -3*a = 5*i - 15 - 6, -4*a = 2*i - 14. Let k(b) = b**2 - 2*b + 4. Calculate k(i).
7
Let m(h) = -h**3 - 4*h**2 + 12*h - 6. Let p be m(-6). Let w(j) = 7*j**2 + 14*j + 8. Let t(d) = -20*d**2 - 41*d - 24. Let c(f) = -6*t(f) - 17*w(f). What is c(p)?
-4
Let q(v) be the third derivative of v**5/60 - 3*v**4/8 + 2*v**3/3 + 4*v**2 + 1. Let n = 5 - -3. What is q(n)?
-4
Let d = 4 + -7. Let o(u) be the third derivative of 1/8*u**4 + 21*u**2 + 2/3*u**3 + 0*u + 0. What is o(d)?
-5
Let z(i) = 2*i + 0*i - 3*i. Let n(k) = 946*k - 1899. Let q be n(2). Give z(q).
7
Let n(q) = 6*q**3 + q**2 + 6*q - 6. Let c be n(1). Let h(m) = -m**2 + 12*m - 2. Calculate h(c).
33
Let s = -125 - -135. Let g(f) = -5*f - 11 + s*f - 4*f. Determine g(7).
-4
Suppose -4*t + 23 + 9 = 0. Suppose x = -x - t. Let m(j) be the first derivative of j**3/3 + j**2 - 3*j + 510. Determine m(x).
5
Let o(h) = 4*h**2 + 2*h. Let u = 39 + -37. Determine o(u).
20
Let c(q) = -11*q**2 + 6*q + 1. Let y(k) = -31*k**2 + 17*k + 2. Let p(v) = 17*c(v) - 6*y(v). Calculate p(2).
1
Let y(u) = u**2 - 3*u. Let h be (1 - (1 + -2))*(-100)/(-40). Determine y(h).
10
Let u(g) = -2*g**3 - 15*g**2 - 28*g - 73. Let w(k) = k**3 + 8*k**2 + 14*k + 35. Let b(v) = 6*u(v) + 13*w(v). Determine b(-13).
4
Let h be (((-16)/72)/((-2)/12))/(28/(-126)). Let z(r) = -5*r**2 - r**3 + 6*r + 0*r + 0*r + 6. Give z(h).
6
Let i be ((-55)/10 + 4)*(-10)/3. Let w(j) = -5 + 3*j**2 + 9 - i. Determine w(2).
11
Let x(c) = c + 1. Let k(v) = 3*v + 3. Let g(n) = -6*k(n) + 17*x(n). Let i(a) = -a**3 + 16*a**2 - a + 23. Let p be i(16). What is g(p)?
-8
Let f = 26 - 18. Let i = -11 + f. Let y(z) be the second derivative of z**3/3 + 3*z**2/2 + 24*z + 2. Give y(i).
-3
Let c(i) = -i**3 + 5*i**2 + i + 5. Let h be c(4). Let s = h - 23. Let m(v) = -v + 2. Calculate m(s).
0
Let t be -2 - (-3 - (-6)/(-3)). Let a = 3 + -1. Let j(x) = 4 + 3*x - x**2 - x - a + t. What is j(4)?
-3
Let d(b) = -b**3 + b**2 + 6. Suppose -3*j - r = -13, -5*j + 16 = -r - 11. Suppose -15 = j*o - 2*a + 7*a, -12 = 4*a. Determine d(o).
6
Let k(z) = 18*z + 0*z - 8*z - 6*z + z. Calculate k(3).
15
Let x be 2*(2/(-12))/((-6)/54). Let n(k) = x*k**2 + 9*k**3 - 4*k**2 + 2*k - 7*k + 6*k. Suppose 2 = -4*p + 6. Determine n(p).
9
Let v(z) = z**3 + 12*z**2 - 12*z + 8. Let d be v(-13). Let a = d + 0. Let h = a + 0. Let r(n) = -n**3 - 4*n**2 + 5*n - 6. Determine r(h).
-6
Let a(z) = -5*z**2 - 5*z - 6. Let o(b) = -b**2 - b. Let j(v) = a(v) - 6*o(v). Suppose s = -3*s + s. Give j(s).
-6
Let i(y) be the first derivative of y**3/3 + 2*y**2 + 5*y - 1861. Let c(s) = -2*s + 1. Let x be c(3). Determine i(x).
10
Let o be (2/(-2))/(-5 - -8)*0. Let w(b) = -b - 9. Calculate w(o).
-9
Let y(b) = -13*b**2 + 9*b + 1. Let a be -4 + 11 + -1 + -1. Let f(j) = 9*j**2 - 6*j - 1. Let g(p) = a*y(p) + 7*f(p). Give g(3).
-11
Let v(h) = 3*h + 7. Let p(u) = -u. Let k(b) = -4*b + 14. Let x(i) = -k(i) + 10*p(i). Let y(w) = -7*v(w) - 3*x(w). What is y(-6)?
11
Suppose 2*t - 5*l + 6 = 14, -l = t - 11. Let f(p) = p + 6. Calculate f(t).
15
Let g(b) = b**3 - 3*b**2 - b - 5. Let n = -689 - -692. Calculate g(n).
-8
Suppose -2*d - 7*d = 36. Let l(g) = g**3 + 2*g**2 - 3*g + 2. Determine l(d).
-18
Let y(f) be the third derivative of -f**6/120 + f**4/24 - 2*f**3/3 + f**2. Let k(z) = -3*z + 87. Let n be k(29). Determine y(n).
-4
Let g(w) = -w**3 - 4*w**2 - w - 2. Let t(f) = f**2 + f + 1. Let h(u) = -g(u) - 3*t(u). Let s(d) = -d**3 + d - 2. Let k be s(0). Calculate h(k).
-1
Let p(w) = -2*w**2 + 2. Let j(d) = -11*d**2 - 7*d + 14. Let r(l) = -j(l) + 5*p(l). Suppose 2*t = 4*t + 12. Give r(t).
-10
Let u(y) = y**3 + 11*y**2 + 9*y - 4. Suppose 10*p = -106 + 6. What is u(p)?
6
Let x(r) = -4*r + 1. Suppose -12 = 2*q + q. Suppose 9*a = 10*a + 6. Let u be 12/9 + q/a. What is x(u)?
-7
Let k(v) = 3*v**2 - v + 1. Let c(u) = u**3 + 14*u**2 - u - 2. Let i(r) = c(r) - 3*k(r). Let j = -7 + 3. Determine i(j).
3
Let i(m) be the third derivative of 0*m - 1/6*m**4 + 0 + 1/60*m**5 - 3*m**2 - 1/3*m**3. Calculate i(4).
-2
Let u(z) = z + 33319 - 33319. Give u(1).
1
Let k(w) = -10*w**3 - 32 + 28*w**2 - 25*w + 9*w**3 - 26. Let i be k(27). Let f(c) = -3*c + 3. Calculate f(i).
15
Let b be 6/14 - (124/28 - 0). Let g(u) = -u**2 - 6*u - 3. Give g(b).
5
Let x(u) = u**2 + 6*u - 1. Suppose -a + 6*a = -50. Let b be a/(-35) - 74/14. Calculate x(b).
-6
Suppose t - 3*u = 2*u - 18, -5*u = -20. Let x(q) = -q + 3. Suppose 0 = 5*l - 43 + 8. Let z(v) = 2*v - 8. Let s(r) = l*x(r) + t*z(r). Give s(4).
-7
Let d(n) = 2*n**3 + 3*n**2 + 7*n + 5. Let m(c) = -c**3 - 4*c**2 - 7*c - 4. Let k(o) = -2*d(o) - 3*m(o). Let l be (-7)/(-1)*(25 - 24). What is k(l)?
2
Let w(a) = 15*a - 10*a**3 - 8 + 16 - 16*a**2 - 31 + 9*a**3. Give w(-17).
11
Let t(o) be the first derivative of -34 + 0*o - 1/2*o**2. Give t(5).
-5
Let j(l) = l**2 - 6*l - 6. Suppose -12*d + 4*d + 16 = 0. Suppose -d*g - 4*g = -36. What is j(g)?
-6
Let y be (-2)/(-9) - 14/(-18). Let c(v) be the first derivative of -4 + v**2 - 1/3*v**3 - v - 3/4*v**4. Give c(y).
-3
Let j(v) be the first derivative of 2*v**3/3 - 13*v**2/2 + 9*v + 373. Determine j(5).
-6
Let q(g) be the third derivative of g**6/120 + g**4/24 + 7*g**3/6 - 2*g**2. Suppose -5*n + 11 = -2*n + 2*o, 3*n + o - 16 = 0. Suppose -3*c = -n*c. Give q(c).
7
Let v be (-3)/(-12) + (-14)/(-8). Let x(d) = -6*d + 15*d**3 + 4*d**2 + 8*d - 16*d**3 - 3*d - 2*d. What is x(v)?
2
Let v(l) = -2*l**3 - 2*l**2 - l + 3. Let w be v(1). Let k(z) = -z**2 + 4*z + 4. Calculate k(w).
-8
Let q(z) = -9*z + 5. Let n(x) = -52*x + 28. Let i(b) = 6*n(b) - 34*q(b). Determine i(1).
-8
Let w(v) be the third derivative of v**7/2520 + v**6/180 -